{"id":15,"date":"2015-07-17T12:21:43","date_gmt":"2015-07-17T10:21:43","guid":{"rendered":"http:\/\/ordination-jabarzadeh.at\/?page_id=15"},"modified":"2024-05-22T16:05:49","modified_gmt":"2024-05-22T14:05:49","slug":"impressum","status":"publish","type":"page","link":"https:\/\/ordination-jabarzadeh.at\/?page_id=15","title":{"rendered":"Impressum"},"content":{"rendered":"<p>Information gem\u00e4\u00df \u00a7 5 E-Commerce-Gesetz und Offenlegung gem\u00e4\u00df \u00a7 25 Mediengesetz.<\/p>\n<p>Dienstanbieter und Medieninhaber:<\/p>\n<p><strong>Dr. Hoss Jabarzadeh<\/strong><br \/>Trattengasse 42<br \/>9500 Villach<br \/>\u00d6sterreich<\/p>\n<p>Tel. +43 4242 \/ 266 66<br \/>Fax +43 4242 \/ 266 66 4<br \/>E-Mail <a href=\"mailto:jabarzadeh@aon.at\">jabarzadeh@aon.at<\/a><br \/>Homepage <a href=\"http:\/\/www.ordination-jabarzadeh.at\">www.ordination-jabarzadeh.at<\/a><\/p>\n<p>Mitglied der \u00c4rztekammer f\u00fcr K\u00e4rnten<br \/>Berufsbezeichnung: Arzt f\u00fcr Allgemeinmedizin&nbsp;(verliehen in \u00d6sterreich)<br \/>T\u00e4tigkeit unterliegt dem \u00c4rztegesetz 1998 (siehe <a href=\"http:\/\/www.ris.bka.gv.at\/bundesrecht\" target=\"_blank\" rel=\"noopener\">www.ris.bka.gv.at\/bundesrecht<\/a>)<\/p>\n<p><strong>Haftungshinweis:<\/strong> Trotz sorgf\u00e4ltiger inhaltlicher Kontrolle \u00fcbernehmen wir keine Haftung f\u00fcr die Inhalte externer Links. F\u00fcr den Inhalt der verlinkten Seiten sind ausschlie\u00dflich deren Betreiber verantwortlich.<\/p>\n<p>&nbsp;<\/p>\n<h3>Website Erstellung<\/h3>\n<p><big><a href=\"https:\/\/www.kutschera.co.at\">Kutschera Datentechnik GmbH<\/a><br \/>Fischeraustra\u00dfe 13\/5<br \/>8051 Graz-G\u00f6sting<br \/>\u00d6sterreich<\/big><\/p>\n<p><big><strong>Powered by \u00c4rztesoftware ganyMED<br \/>f\u00fcr Allgemeinmediziner<\/strong> <a href=\"https:\/\/www.ganymed.at\/anwendungsbereiche\/allgemeinmedizin\/\">www.ganymed.at<\/a><\/big><\/p>\n","protected":false},"excerpt":{"rendered":"<p>Information gem\u00e4\u00df \u00a7 5 E-Commerce-Gesetz und Offenlegung gem\u00e4\u00df \u00a7 25 Mediengesetz. Dienstanbieter und Medieninhaber: Dr. Hoss JabarzadehTrattengasse 429500 Villach\u00d6sterreich Tel. +43 4242 \/ 266 66Fax +43 4242 \/ 266 66 4E-Mail jabarzadeh@aon.atHomepage www.ordination-jabarzadeh.at Mitglied der \u00c4rztekammer f\u00fcr K\u00e4rntenBerufsbezeichnung: Arzt f\u00fcr Allgemeinmedizin&nbsp;(verliehen in \u00d6sterreich)T\u00e4tigkeit unterliegt dem \u00c4rztegesetz 1998 (siehe www.ris.bka.gv.at\/bundesrecht) Haftungshinweis: Trotz sorgf\u00e4ltiger inhaltlicher Kontrolle \u00fcbernehmen [&hellip;]<\/p>\n","protected":false},"author":1,"featured_media":0,"parent":0,"menu_order":0,"comment_status":"closed","ping_status":"open","template":"","meta":{"ngg_post_thumbnail":0,"footnotes":""},"class_list":["post-15","page","type-page","status-publish","hentry"],"_links":{"self":[{"href":"https:\/\/ordination-jabarzadeh.at\/index.php?rest_route=\/wp\/v2\/pages\/15"}],"collection":[{"href":"https:\/\/ordination-jabarzadeh.at\/index.php?rest_route=\/wp\/v2\/pages"}],"about":[{"href":"https:\/\/ordination-jabarzadeh.at\/index.php?rest_route=\/wp\/v2\/types\/page"}],"author":[{"embeddable":true,"href":"https:\/\/ordination-jabarzadeh.at\/index.php?rest_route=\/wp\/v2\/users\/1"}],"replies":[{"embeddable":true,"href":"https:\/\/ordination-jabarzadeh.at\/index.php?rest_route=%2Fwp%2Fv2%2Fcomments&post=15"}],"version-history":[{"count":6,"href":"https:\/\/ordination-jabarzadeh.at\/index.php?rest_route=\/wp\/v2\/pages\/15\/revisions"}],"predecessor-version":[{"id":556,"href":"https:\/\/ordination-jabarzadeh.at\/index.php?rest_route=\/wp\/v2\/pages\/15\/revisions\/556"}],"wp:attachment":[{"href":"https:\/\/ordination-jabarzadeh.at\/index.php?rest_route=%2Fwp%2Fv2%2Fmedia&parent=15"}],"curies":[{"name":"wp","href":"https:\/\/api.w.org\/{rel}","templated":true}]}}